{"id":14696,"date":"2023-08-20T03:57:38","date_gmt":"2023-08-20T03:57:38","guid":{"rendered":"https:\/\/scala.com.pe\/index.php\/product\/adidas-eq-21-run\/"},"modified":"2023-08-20T04:28:33","modified_gmt":"2023-08-20T04:28:33","slug":"adidas-eq-21-run","status":"publish","type":"product","link":"https:\/\/scala.com.pe\/index.php\/product\/adidas-eq-21-run\/","title":{"rendered":"Adidas EQ 21 Run"},"content":{"rendered":"","protected":false},"excerpt":{"rendered":"<p>El exterior transpirable mantiene tus pies frescos y secos en los d\u00edas de calor y la amortiguaci\u00f3n ligera hace que cada paso sea m\u00e1s agradable.<\/p>\n","protected":false},"featured_media":14584,"comment_status":"open","ping_status":"closed","template":"","meta":{"om_disable_all_campaigns":false,"_mi_skip_tracking":false},"product_cat":[186,177,236],"product_tag":[286,265,288,287],"_links":{"self":[{"href":"https:\/\/scala.com.pe\/index.php\/wp-json\/wp\/v2\/product\/14696"}],"collection":[{"href":"https:\/\/scala.com.pe\/index.php\/wp-json\/wp\/v2\/product"}],"about":[{"href":"https:\/\/scala.com.pe\/index.php\/wp-json\/wp\/v2\/types\/product"}],"replies":[{"embeddable":true,"href":"https:\/\/scala.com.pe\/index.php\/wp-json\/wp\/v2\/comments?post=14696"}],"wp:featuredmedia":[{"embeddable":true,"href":"https:\/\/scala.com.pe\/index.php\/wp-json\/wp\/v2\/media\/14584"}],"wp:attachment":[{"href":"https:\/\/scala.com.pe\/index.php\/wp-json\/wp\/v2\/media?parent=14696"}],"wp:term":[{"taxonomy":"product_cat","embeddable":true,"href":"https:\/\/scala.com.pe\/index.php\/wp-json\/wp\/v2\/product_cat?post=14696"},{"taxonomy":"product_tag","embeddable":true,"href":"https:\/\/scala.com.pe\/index.php\/wp-json\/wp\/v2\/product_tag?post=14696"}],"curies":[{"name":"wp","href":"https:\/\/api.w.org\/{rel}","templated":true}]}}